s the hundreds digit of 2812135?
1
What is the tens digit of 15304442?
4
What is the hundreds digit of 491150?
1
What is the hundred thousands digit of 506750?
5
What is the thousands digit of 233979?
3
What is the units digit of 95791?
1
What is the hundred thousands digit of 342253?
3
What is the thousands digit of 149689?
9
What is the thousands digit of 282086?
2
What is the hundred thousands digit of 32579869?
5
What is the thousands digit of 17485270?
5
What is the units digit of 454795?
5
What is the tens digit of 3110697?
9
What is the hundred thousands digit of 23195041?
1
What is the hundreds digit of 656715?
7
What is the thousands digit of 123183?
3
What is the tens digit of 1911195?
9
What is the hundred thousands digit of 752525?
7
What is the millions digit of 10910463?
0
What is the ten millions digit of 17202058?
1
What is the ten millions digit of 13888499?
1
What is the ten thousands digit of 395390?
9
What is the hundreds digit of 2089068?
0
What is the ten thousands digit of 6383304?
8
What is the hundreds digit of 632568?
5
What is the units digit of 602302?
2
What is the thousands digit of 4877866?
7
What is the hundreds digit of 16926349?
3
What is the thousands digit of 273589?
3
What is the thousands digit of 7548333?
8
What is the hundreds digit of 14429187?
1
What is the tens digit of 1525066?
6
What is the tens digit of 6666308?
0
What is the hundred thousands digit of 986397?
9
What is the ten thousands digit of 850838?
5
What is the units digit of 209144?
4
What is the tens digit of 138958?
5
What is the hundred thousands digit of 473930?
4
What is the units digit of 725009?
9
What is the ten thousands digit of 1990408?
9
What is the hundred thousands digit of 5443675?
4
What is the tens digit of 2272134?
3
What is the hundred thousands digit of 1237533?
2
What is the units digit of 36253183?
3
What is the millions digit of 10037776?
0
What is the thousands digit of 1127173?
7
What is the hundred thousands digit of 631165?
6
What is the hundred thousands digit of 7426878?
4
What is the millions digit of 2154352?
2
What is the hundred thousands digit of 1120081?
1
What is the units digit of 21056113?
3
What is the millions digit of 6351317?
6
What is the units digit of 98152?
2
What is the units digit of 1132459?
9
What is the tens digit of 2187491?
9
What is the ten thousands digit of 137034?
3
What is the ten thousands digit of 733332?
3
What is the tens digit of 724887?
8
What is the millions digit of 1716588?
1
What is the thousands digit of 1474436?
4
What is the tens digit of 943653?
5
What is the tens digit of 162481?
8
What is the tens digit of 913562?
6
What is the tens digit of 376743?
4
What is the ten thousands digit of 12974805?
7
What is the thousands digit of 12002779?
2
What is the tens digit of 1684850?
5
What is the thousands digit of 585190?
5
What is the tens digit of 7535?
3
What is the units digit of 617232?
2
What is the hundred thousands digit of 729772?
7
What is the thousands digit of 290135?
0
What is the thousands digit of 377234?
7
What is the hundred thousands digit of 4793107?
7
What is the hundred thousands digit of 1007970?
0
What is the hundred thousands digit of 7224735?
2
What is the tens digit of 2915255?
5
What is the tens digit of 1597621?
2
What is the ten thousands digit of 947521?
4
What is the thousands digit of 519605?
9
What is the hundreds digit of 30355?
3
What is the ten thousands digit of 73544?
7
What is the tens digit of 929579?
7
What is the tens digit of 106936?
3
What is the hundred thousands digit of 1060712?
0
What is the tens digit of 2236644?
4
What is the millions digit of 3669905?
3
What is the thousands digit of 171415?
1
What is the millions digit of 6454756?
6
What is the thousands digit of 112776?
2
What is the hundreds digit of 13600?
6
What is the tens digit of 7285064?
6
What is the tens digit of 2398424?
2
What is the tens digit of 2661931?
3
What is the hundred thousands digit of 5704208?
7
What is the tens digit of 145347?
4
What is the units digit of 67195?
5
What is the tens digit of 22777073?
7
What is the hundred thousands digit of 11030929?
0
What is the hundreds digit of 563806?
8
What is the units digit of 24030191?
1
What is the hundreds digit of 133913?
9
What is the tens digit of 2176851?
5
What is the tens digit of 10104796?
9
What is the hundreds digit of 4404629?
6
What is the hundred thousands digit of 3239860?
2
What is the thousands digit of 175876?
5
What is the tens digit of 3406506?
0
What is the tens digit of 111466?
6
What is the hundreds digit of 217929?
9
What is the ten thousands digit of 23674?
2
What is the thousands digit of 879423?
9
What is the hundreds digit of 202490?
4
What is the thousands digit of 1360141?
0
What is the tens digit of 32414?
1
What is the ten thousands digit of 7397207?
9
What is the ten thousands digit of 2730974?
3
What is the millions digit of 25350695?
5
What is the hundreds digit of 5395215?
2
What is the hundreds digit of 87637?
6
What is the thousands digit of 1384836?
4
What is the thousands digit of 124622?
4
What is the millions digit of 8269239?
8
What is the hundred thousands digit of 1813577?
8
What is the hundreds digit of 460583?
5
What is the hundreds digit of 775248?
2
What is the units digit of 7325416?
6
What is the ten millions digit of 15255945?
1
What is the hundreds digit of 539335?
3
What is the hundred thousands digit of 197329?
1
What is the units digit of 491942?
2
What is the hundred thousands digit of 795403?
7
What is the units digit of 126827?
7
What is the hundreds digit of 95113?
1
What is the units digit of 20070622?
2
What is the tens digit of 6583456?
5
What is the hundreds digit of 13115556?
5
What is the units digit of 6351657?
7
What is the millions digit of 12043148?
2
What is the units digit of 525887?
7
What is the hundreds digit of 1567932?
9
What is the tens digit of 9906306?
0
What is the ten thousands digit of 168783?
6
What is the hundred thousands digit of 676090?
6
What is the hundreds digit of 3562971?
9
What is the thousands digit of 3973851?
3
What is the hundred thousands digit of 2603657?
6
What is the hundred thousands digit of 1191635?
1
What is the tens digit of 156574?
7
What is the ten thousands digit of 253495?
5
What is the units digit of 6597797?
7
What is the hundreds digit of 4193404?
4
What is the units digit of 142286?
6
What is the ten thousands digit of 200762?
0
What is the units digit of 13893690?
0
What is the units digit of 484008?
8
What is the hundred thousands digit of 2204624?
2
What is the thousands digit of 2490517?
0
What is the hundred thousands digit of 6227781?
2
What is the hundreds digit of 13662263?
2
What is the tens digit of 197989?
8
What is the thousands digit of 2736271?
6
What is the units digit of 9439752?
2
What is the hundred thousands digit of 387645?
3
What is the hundred thousands digit of 140635?
1
What is the tens digit of 7557554?
5
What is the hundred thousands digit of 315534?
3
What is the hundreds digit of 2097398?
3
What is the ten thousands digit of 145506?
4
What is the hundreds digit of 3067547?
5
What is the hundreds digit of 853134?
1
What is the hundreds digit of 1823915?
9
What is the thousands digit of 420620?
0
What is the ten thousands digit of 279597?
7
What is the hundreds digit of 3411368?
3
What is the units digit of 160690?
0
What is the hundred thousands digit of 1855866?
8
What is the tens digit of 102784?
8
What is the ten thousands digit of 14576571?
7
What is the hundred thousands digit of 29905472?
9
What is the thousands digit of 18125000?
5
What is the thousands digit of 5452229?
2
What is the tens digit of 497339?
3
What is the thousands digit of 1158153?
8
What is the hundreds digit of 7926180?
1
What is the units digit of 2795055?
5
What is the millions digit of 13303742?
3
What is the ten thousands digit of 306203?
0
What is the ten thousands digit of 3067637?
6
What is the hundreds digit of 2775617?
6
What is the hundreds digit of 21201520?
5
What is the units digit of 18595?
5
What is the thousands digit of 1746199?
6
What is the thousands digit of 1086998?
6
What is the tens digit of 9462068?
6
What is the units digit of 78369?
9
What is the hundred thousands